-73)).
-115
Calculate (-20 - -43) + 16 - 20.
19
Calculate 1 + 5 + 1 - ((21 - (7 - -12)) + 56).
-51
(-2 - (2 + 11)) + -43 + -51 + 106 + -23
-26
-1876 + 1881 - (14 - 1) - (1 - 33)
24
Calculate 997 + -1044 + (23 - 2).
-26
What is the value of (186 - 91) + (-1 - 1 - -9) + 51 + -51?
102
Evaluate 15 - (2 + -5 + (40 - (-40 - -43))).
-19
Calculate 6 + -4 + 4 + 2 + -33 - (25 - 18).
-32
What is the value of -94 - -37 - (-5 - 60) - (0 - -131)?
-123
(-1 - 81) + (-31 - (-24 + 3)) + -4
-96
Evaluate -39 + -22 + 30 + (-4 - -1 - 4).
-38
6 + -1 - ((8 - -13) + -4)
-12
-51 - (-10 - -4 - (-85 - -80))
-50
Calculate -156 + (-70 - -213) + (25 - 1).
11
What is 45 - (-27 + 49) - ((8 - -45) + 1)?
-31
32 - (-38 + -18 + (27 - 38))
99
What is (-121 - 4) + 86 + 11?
-28
Evaluate (-54 - 1) + (-67 - (-81 + -1) - (21 - 1)).
-60
What is (17 - (35 - 2)) + -35?
-51
What is the value of -2 + 7 - (-1 + 2) - (41 - (92 - -66))?
121
What is the value of 9 - (-1 - 0) - (-7 + 12 - 3) - 38?
-30
Evaluate (0 - 0) + 313 + -324 - (-1 - 0).
-10
What is -1 + (-62 - 0) + (-13 + (-34 - -4) - -36)?
-70
Evaluate -4 + -3 + -10 + 1 + 19 - -43.
46
-69 - -20 - (-42 + 36)
-43
What is the value of (-14 - -63) + -54 + (-8 - -11) + -16?
-18
What is -54 + 0 + (6 - 2) + -11 + 22?
-39
Evaluate 21 + -29 - 11 - -8 - (3 + 20).
-34
What is (-9 - -3) + (-61 - -37) + 69?
39
What is (-25 - -91) + 32 + 8 + (-1 - (7 - 1))?
99
What is 31 + -26 + -46 - (1 + -12)?
-30
Calculate -24 + -17 - -64 - (-1 - (-6 - (1 - 5))).
22
Evaluate (82 - -58) + -72 + -39.
29
What is the value of (29 + 15 - 33) + (-51 - -3)?
-37
What is -29 + -102 + 139 - 71?
-63
Evaluate 2 - -55 - (1554 - 1541).
44
What is 50 + (-50 + -7 - -15)?
8
What is (-2 - -7) + (-4 - (5 - -4)) + -1?
-9
51 + -70 + 26 + 1
8
What is 30 - (64 - 9) - -67?
42
What is -6 - (-7 - (13 - (-4 + 11))) - 11?
-4
What is the value of 39 + 27 + 11 + (1 - -4)?
82
Calculate 15 + (-2 - -3 - 13) - (0 + -16).
19
Calculate -424 + 410 - (-25 + -3).
14
Calculate -40 - (-14 + -15) - -30.
19
What is -51 + 61 - (-7 - (2 + -11)) - -60?
68
Evaluate 35 + -37 + 3 + -26 + -1.
-26
What is 187 + -83 + 4 - (34 - 0)?
74
Evaluate -30 - ((27 - 32) + -15 + -67).
57
Evaluate (-360 - -356) + (-3 - -91) - -13.
97
What is 3 - (1 - 4) - (27 + -11 + -17 + -2)?
9
What is the value of 58 + 40 + -1 + -106?
-9
What is 0 + -15 + -1 + (2519 - 2523) - -50?
30
What is -25 - (11 - (-2 - -32 - (5 - -5)))?
-16
Evaluate 6 + 2 + 2 - (-29 - 2).
41
24 + -37 + 4 - (-57 + -1)
49
What is the value of -14 + -12 + 120 + -91?
3
What is 15 - 30 - (1 + 11 + -43)?
16
(-7 - 42) + -8 + 3 + (-9 - -14)
-49
Calculate (9 - 4) + (2 - 9 - (-17 + 22) - 21).
-28
What is the value of (3 - (104 - 154)) + -66?
-13
What is the value of -12 + (9 - (31 - (-2 - -17)))?
-19
Calculate (-9 - (15 - (62 + 7))) + -10.
35
What is the value of (2 + 4 - (53 + -17)) + -15 - 11?
-56
What is 44 + -15 + (-9 - -1) - -6?
27
What is 98 + (36 - 103) - (-6 + -1)?
38
What is -19 + (-14 - (-49 - -12)) + 3?
7
What is 2 + 22 + (-97 - -32)?
-41
What is the value of (13 - 1) + 38 + 11?
61
What is the value of (-16 - (-51 + 31 + 19)) + -1 + 9?
-7
Calculate 2 + -13 - (1887 - 1829).
-69
Calculate -41 - (12 + (-19 - -14)).
-48
What is the value of 5 - (1 + (-4 + 2 - -2) - 54)?
58
40 + (14 - (-17 + 39))
32
Evaluate -149 + (81 - (17 - 12)).
-73
What is the value of 6 - ((8 - (4 - -5)) + 7) - -2?
2
What is the value of 2 + (0 - (21 + -35)) - (3 - -9)?
4
What is 1 + 64 - -2 - (-52 + 28 + 50 - 19)?
60
Calculate (10 - 3) + (7 + 1 + -6 - -5).
14
(-10 - 0) + -119 + 220 + -155
-64
(-8 - (0 - 1)) + (-33 - (-11 + -43 + -4))
18
Calculate (-11 + -8 + -10 + 14 - -8) + 27.
20
Evaluate -7 - ((-19 + -24 - -8 - -32) + (32 - 0)).
-36
-128 - -72 - (13 - 11 - 19)
-39
What is the value of (48 - 1) + (717 - 757)?
7
-3 + (-26 - (-8 + (12 - -6) + -19))
-20
What is 16 - (-9 - (-6 + -2) - -47)?
-30
Evaluate 175 + (-62 - 9) + -54.
50
Evaluate -44 - (30 + -87 + 37).
-24
Evaluate -30 + (5 - (32 + -37 + 21)).
-41
18 + -19 + -25 - (4 + 1 + 3)
-34
What is 36 - (-7 - (-18 - -13))?
38
What is -29 - (-21 - 20) - 31 - -30?
11
What is the value of -304 - -360 - (-3 + 49)?
10
Evaluate (37 - 49) + (9 - (12 + 4 + -38)).
19
Evaluate (-52 - (-2 - 1)) + 1895 + -1930.
-84
What is the value of 3 + (3 - -1) + -5 - (-98 - -94)?
6
What is the value of ((25 - -36) + -70 - (0 - -22)) + -10?
-41
Calculate 22 + (-15 - (-13 - -1) - 25).
-6
-3 + -49 + 113 + 6 + -25
42
Calculate 5 + (7 - 0 - ((76 + -17 - 22) + -11)).
-14
What is the value of -54 - (5 - (-10 + 12 + -7) - (4 + -3))?
-63
Evaluate -379 + 384 + (-3 - (-65 - (4 - 4))).
67
Evaluate -38 + (-14 - 2) + 48 + (38 - 74).
-42
Calculate -80 + -140 + 149 + 197.
126
(-134 - -96) + (-3 - (-13 + 5 + -5))
-28
13 + -19 + -1 + 12 - (-26 - -52)
-21
Evaluate 9 + -47 - (-22 - -8 - (-62 - -56)).
-30
What is the value of 18 + -2 + (-13 - -121) - 40?
84
What is the value of 52 + (-108 + 1 - 7)?
-62
Calculate (-26 - (23 + -40)) + (-8 - (4 + 11)).
-32
23 + (-14 + 19 - (10 - 2) - (2 - -3))
15
Calculate (270 - 104) + 10 + -94.
82
(-2 + 3 - -3) + (-17 - 21) + 80 - 1
45
What is the value of (31 - (-60 - -107)) + 21 + 0?
5
(-41 - -68) + -21 + 23 + -10
19
Calculate 7 - ((31 + -61 - -34) + (-2 - 3)).
8
83 + 12 + (16 + -6 - -6)
111
183 + -203 - (7 - (37 + -6))
4
What is (134 - 454) + 325 + -15 + (3 - 2)?
-9
Evaluate -3 - -32 - (-23 - (21 - -30)).
103
Evaluate 2 - 2 - (-105 + 135 + (-22 - -4)).
-12
89 - (-67 + 240) - -34
-50
What is -13 + -22 + -21 + -9 + -2 + 8?
-59
36 + (63 - 118) + -52
-71
What is -42 - (7 + (-25 - -26))?
-50
What is (-65 - 22) + 211 + -117?
7
Evaluate (-2 - (8 + (16 + -4 + 0 - 12))) + -13.
-23
Evaluate -1 + -4 + (-16 - 18) + 38 + 36.
35
What is (36 - 47 - (-23 + 5) - 13) + 20?
14
What is the value of (14 - 22) + 4 + (27 - 19)?
4
What is the value of -11 + 18 + (-10 - (-11 - -2) - -77)?
83
What is 73 + (-71 - -75 - 72)?
5
What is 2 + (-2 + -12 + (-21 + 85 - -14) - -11)?
77
Evaluate (-146 - -39) + 212 + (0 - 27).
78
Evaluate 2 - 2 - (68 + -82 + 37).
-23
What is -30 + 136 + -51 + -36?
19
What is the value of (-75 - (-301 + 68)) + -87?
71
-11 + 2 + (1551 - 1580)
-38
What is 3 + 1 + (-108 - -27 - -21)?
-56
What is 1 + -1 - 57 - (2 + 16 + -8 + -11)?
-56
Evaluate (99 - 117) + (10 - 5) + 22 - (0 + 58).
-49
What is (0 - 1) + (-5 - 6) + -221 + 237?
4
What is the value of 182 + -201 + (5 + -3 - -7) + -2 + -25?
-37
-164 - -13 - (-362 + 306)
-95
What is the value of -5060 + 5153 - (71 + 0)?
22
What is the value of -4 - ((65 - 66) + 1 + -1 - 8)?
5
Evaluate (-39 - (-49 + 19)) + (9 - -79).
79
What is the value of 148 - (-94 + 70 + 44 - (0 - -15))?
143
What is the value of -6 - ((-2 - 4 - 7) + 0 - 42 - 4)?
53
Evaluate 2830 + -2772 + -84 + -1.
-27
Evaluate -33 - (-29 + 49 + 18 + (16 - 42)).
-45
What is the value of (1 + 3 - (4 - 4)) + -3 + (-4 - 40)?
-43
Calculate 37 - (-42 - (87 - 102)).
64
What is the value of -15 + 13 + 0 + -132 + (-100 - -181)?
-53
Evaluate -82 + (26 - -86) + -82.
-52
What is -9 + 16 - 8 - (-5 + (-5 - -5) + -3)?
7
What is the value of 54 + (58 + -46 - (6 + 1)) + -39 + 30?
50
Evaluate 3 + (38 - 3) + (-1 - 2) + (8155 - 8152).
38
What is the value of (22 + (21 - 38) - -9) + -54?
-40
What is the value of 20 + 12 + 18 + -24?
26
What is -17 + (-26 + (-15 - -28) - -72)?
42
-31 - ((28 - -118) + -121)
-56
Calculate 24 + -5 + -13 - (-12 - (-30 + 1)).
-11
67 + 11 + 50 + -68
60
What is the value of -115 + 79 - 39 - (0 + -3 + 1)?
-73
What is the value of (-37 - (-33 + -16)) + (2 - 0 - 5)?
9
What is (37 + -46 - 80) + 28?
-61
Evaluate 17 - (-2 + 1 + 0 + -12 + 4).
26
What is the value of -6 + -1 + -14 + (-17 + 3 + 16 - 42)?
-61
Evaluate -1 + (3 - 18) + 298 + -276.
6
What is -44 + -5 - ((-21 - -8) + (1 - -3)) - 7?
-47
Calculate -1 + -33 - (17 + 11 - 10).
-52
67 + -2 - (-2976 + 3012)
29
What is (6 - -6 - (27 - 50)) + -30?
5
Calculate 138 - 2 - (-15 + (19 + -40 - -63) + -25).
134
Evaluate (-286 - -278) + -35 - (88 + 0).
-131
What is the value of 4 + ((11 - 17) + -18 - (9 - 4))?
-25
Calculate (27 + -13 - 33 - -30) + 0.
11
What is 6 - (16 + -12 + 14 + -32 + 16)?
4
Calculate -115 + (56 - -3 - -55).
-1
What is 47 + 0 - (48 - (73 + -28))?
44
What is the value of -8 + (-3 - (2 + -4)) + 0 + 3 + -14?
-20
What is the value of (1 - -16) + 15 + (8 - (35 + 7 + -17))?
15
What is (1 - (38 + -19)) + 25?
7
Calc